(1). Suppose 3*h - 57 = -15. Calculate the highest common factor of h and a.
7
Let a(q) = 11*q**2 + 4*q - 3. Let f be a(2). Suppose 2*l = 10, -2*p + 4*l + f = l. Calculate the highest common factor of 24 and p.
8
Let w(p) = -p**2 + 15*p + 3. Let i be w(13). Suppose -3*y - 2*a = -104, y - i = -0*a + 5*a. What is the greatest common divisor of 51 and y?
17
Let o(d) = 128*d - 714. Let l be o(16). Calculate the greatest common divisor of 92 and l.
46
Let j(u) = u**3 + 16*u**2 + 59*u + 15. Let r be j(-8). Calculate the greatest common divisor of r and 11.
11
Suppose -329*k = -336*k + 1008. Calculate the greatest common factor of k and 72.
72
Let i be 6576/3*(-19)/(-38). Calculate the highest common factor of 8 and i.
8
Let c(v) = v**2 + 2*v - 1. Let s be c(-3). Suppose -5*h - 13 = -2*f - 53, s*h + 3*f = 16. What is the greatest common factor of 1 and h?
1
Let r(k) = -k**3 + 18*k**2 + 21*k - 22. Let y be r(19). Calculate the greatest common divisor of y and 512.
16
Let i be (5 + (-35)/10)*(-4)/3. Let x be (i - -1)*-199 - -5. What is the greatest common factor of x and 12?
12
Suppose 3*v = 3*c + 9, 3*v + 3*c - 12 = -v. Let u be 116/(-12) + 1/(-3). Let w be v*-1 - 1*u. What is the highest common divisor of 1 and w?
1
Suppose 2*k - 22 = -5*f + 21, 4*k = -3*f + 51. What is the highest common factor of 13 and k?
1
Let x be ((-10)/1)/((-1)/(-1)). Let z(i) = i - 14. Let u be z(x). Let y = -6 - u. What is the greatest common factor of 162 and y?
18
Suppose -133*k + 138*k - 135 = 0. Calculate the greatest common factor of k and 3.
3
Suppose 3*h = -h + 2*v - 6, 2*v - 6 = -4*h. Suppose 3*j + h = 12. Calculate the greatest common divisor of 28 and j.
4
Let g be (-20)/(-2)*(-39)/6. Let z = 95 + g. Suppose -9*l = -8*l - 20. What is the greatest common divisor of l and z?
10
Suppose 0 = 2*i - 86 - 20. Let p = 61 - i. Calculate the greatest common divisor of p and 40.
8
Suppose -15 = d - 37. Suppose d = 2*y + 3*i + 2*i, 0 = -y - 2*i + 10. Calculate the greatest common divisor of 4 and y.
2
Let d = -244 - -271. Calculate the highest common divisor of d and 42.
3
Let s be 63/(-14) - 2/4. Let o be 6/8 - s/4. Suppose -o*l - 64 = -6*l. Calculate the highest common divisor of l and 80.
16
Let d = 7 + -5. Suppose 0 = -d*j + j + 16. Suppose 0 = -2*l + z + 4*z + 40, 0 = -4*z - j. What is the highest common divisor of 2 and l?
2
Suppose 18 = -4*h + 82. Suppose -3*b - 3 = -0*b + 5*p, -3*b - p = -9. Calculate the greatest common divisor of h and b.
4
Suppose -68 = -9*h + 5*h - 4*l, -3*h + 5*l + 11 = 0. What is the highest common divisor of h and 16?
4
Let l be (2*5)/((-2)/(-6)). Suppose 5*h = -71*h + 5700. What is the highest common factor of l and h?
15
Let s(v) = 11 + 3*v + 1 + 0 - 2*v. Let m be s(3). Let j be 2/3 - 1074/(-9). Calculate the highest common factor of m and j.
15
Suppose -l + 21 = -13. Let c(j) = 3*j**3 - 62*j**2 + 44*j + 5. Let p be c(20). Calculate the highest common divisor of p and l.
17
Let f = 16 + -16. Suppose f = -b - b + 6. Suppose 0 = -l, b*k = k + 2*l + 342. What is the greatest common divisor of 19 and k?
19
Let f be 71 + 1 + 1 + -1. Let w(r) = 13*r + 5. Let y(h) = 2*h. Let m(o) = w(o) - 6*y(o). Let n be m(13). What is the highest common divisor of f and n?
18
Suppose 4*m - 43 = 5*l - 2, -5*m + 20 = 0. Let g be 22 + l + 1 + -1. Let i be 2/(-10) + (-766)/(-5). Calculate the greatest common factor of g and i.
17
Suppose -3*u + 40 = 2*u. Let y = 173 + -299. Let m = -62 - y. Calculate the highest common divisor of m and u.
8
Let a be -20*(2 - (-114)/(-15)). Let q be (8 - -6) + (-1 - -1). Calculate the highest common factor of q and a.
14
Let w be 16/(8/2) - (6 + -4). Calculate the greatest common divisor of 34 and w.
2
Let v(d) = 2*d**3 + 14*d**2 - 16*d + 5. Let j be v(-8). Suppose -4*q + 0*q = 0. Suppose q = 4*u - 66 - 114. What is the highest common divisor of u and j?
5
Suppose 0 = -2*n - k + 2*k + 121, -3*n + 174 = k. Calculate the highest common divisor of 295 and n.
59
Let z(c) = c**3 + 4*c**2 - 15*c. Let f be ((-26)/13)/((-4)/(-10)). Let s be z(f). Calculate the greatest common factor of s and 350.
50
Suppose -19*s - 6*s + 225 = 0. What is the highest common factor of s and 8?
1
Suppose 3*d + d - 12 = 0. Suppose f + 3*m - 67 = 0, 3*f - d*m - 193 = -4*m. What is the greatest common factor of 8 and f?
8
Suppose c - 3*c - 5*i = -1265, -3*c - 2*i + 1892 = 0. What is the greatest common factor of 378 and c?
126
Suppose -3*r = -5*q - 2, 0 = -2*r - 3*q - 27 + 3. Let z be 2*9/((-27)/r). What is the greatest common divisor of 16 and z?
4
Let g(h) = 8*h + 29. Let v(a) = -3*a - 10. Let f(p) = 4*g(p) + 11*v(p). Let y be f(4). Calculate the greatest common factor of 14 and y.
2
Let n be (2 - (7 + -5))/3. Suppose n = 3*x - 5 - 1. Calculate the greatest common factor of x and 50.
2
Let h(t) = 4*t**3 + 8*t**2 - 13*t - 3. Let q be h(4). Calculate the greatest common factor of 7 and q.
7
Suppose -3*a - 145 = -8*a. Suppose -5*j + 30 + 35 = 0. Suppose j*b + 1595 = 18*b. Calculate the greatest common divisor of b and a.
29
Suppose -18 = -3*r - 5*s, 0 = 3*r - 5*s + s + 9. Suppose -3*z + 37 = 4*b, -r = 3*z - 3*b - 31. What is the highest common factor of 99 and z?
11
Suppose -3*r + 4*v + 393 = 0, -5*v - 120 = 3*r - 4*r. Suppose 0 = 2*q - 2 + 4, 2*p - 3*q - r = 0. Calculate the highest common factor of p and 165.
33
Suppose -2*i - 2*p + 80 = -36, -78 = -i + 4*p. Calculate the highest common factor of 806 and i.
62
Let l(t) = -t**3 - 3*t**2 + 8*t + 4. Let o be l(-5). Let a = 23 - o. Calculate the highest common factor of 27 and a.
9
Suppose -3*k - 7 = -4. Let h be 3 + 3 - 3 - 5*k. Calculate the highest common factor of h and 1.
1
Let o(r) = -3*r - 21. Let y be o(-8). What is the highest common divisor of 51 and y?
3
Let x(v) be the second derivative of -v**3/6 + 24*v**2 - 25*v. Let w be x(14). What is the greatest common divisor of 85 and w?
17
Let p = 684 - 669. Let h be -1*(-1 + 0) - -2. Calculate the greatest common divisor of p and h.
3
Let r(y) = 20*y**2 - 7*y - 75. Let n be r(-11). Calculate the highest common factor of 14 and n.
14
Let v = -1149 + 2283. Let l(w) = -w + 13. Let n be l(9). Let x be n/(-22) + v/66. What is the greatest common factor of x and 17?
17
Let c = 7 - -3. Suppose 3*f = 2 + c. Let x be ((-36)/(-30))/((-9)/(-30)). Calculate the greatest common divisor of f and x.
4
Let d(i) = 2*i**2 - 3*i + 5. Let u be d(5). Let y be (-4 + 3)/((-1)/4). Let t be y + -3 + 5 + -2. What is the highest common divisor of t and u?
4
Let t be (-1713)/(-15) - (-2)/(-10). Calculate the greatest common divisor of t and 152.
38
Let o = 1412 - 1361. What is the greatest common factor of o and 12?
3
Suppose 3*l + 0*m + m - 32 = 0, l - m - 4 = 0. Let u = 5 - 5. Suppose 2*i - 4 - 14 = u. What is the highest common divisor of l and i?
9
Suppose 4*j + 213 = 2*i + 23, -3*j - 97 = -i. Let s(l) = l**2 + 16*l - 67. Let d be s(-20). What is the highest common divisor of i and d?
13
Let g = 60 - 10. Suppose 3*c + 2*n + 2*n = g, -4*c + 2*n = -74. What is the greatest common factor of 90 and c?
18
Let v(g) = -g**2 + 3*g - 2. Let b be v(-3). Let o be 16/b*(-10)/4. Suppose -o*w + 66 = -0*w. What is the highest common divisor of 165 and w?
33
Let r be (-106)/(-34) - -6*6/(-306). Suppose -3*b + n + 137 = -0*b, -r*n = -4*b + 191. Calculate the highest common factor of b and 11.
11
Suppose 0 = -3*v - j + 169, v - j + 57 = 2*v. Calculate the highest common factor of 1512 and v.
56
Let j = -283 + 299. What is the highest common divisor of j and 64?
16
Suppose 149 - 33 = -3*v - 5*d, -d = 3*v + 136. Let i = v + 57. What is the greatest common factor of i and 110?
10
Let q be -34*(-1)/((-3)/(-21)). Suppose -368 = 2*g + q. Let w = -72 - g. What is the highest common factor of 21 and w?
21
Let n be (1 - 3) + 7 - -1. Suppose 70 - n = 4*f. Let w = 46 - -98. Calculate the greatest common divisor of w and f.
16
Suppose 5*j + 2338 = 7*j + 4*f, 0 = -4*j + 2*f + 4636. Calculate the highest common divisor of j and 9.
9
Let w = -204 - -235. Let x be 4*(0 - (-25)/4). Let r = w - x. What is the greatest common factor of r and 2?
2
Let h(r) = 34*r - 279. Let v be h(9). Let s(b) = b**3 + 3*b**2 - 6*b - 5. Let l be s(-4). Calculate the greatest common divisor of l and v.
3
Suppose 4*n - 10 = 18. Suppose -11